{"id":5,"date":"2020-01-13T11:17:52","date_gmt":"2020-01-13T11:17:52","guid":{"rendered":"https:\/\/demosites.io\/web-agency-gb\/?page_id=5"},"modified":"2025-10-12T10:59:17","modified_gmt":"2025-10-12T10:59:17","slug":"15c42-web-agency-gb-home","status":"publish","type":"page","link":"https:\/\/bald-lozyska.pl\/","title":{"rendered":"Strona G\u0142\u00f3wna"},"content":{"rendered":"\n<div class=\"wp-block-buttons is-layout-flex wp-block-buttons-is-layout-flex\"><\/div>\n\n\n\n<div class=\"wp-block-cover alignfull is-light\" style=\"min-height:700px;aspect-ratio:unset;\"><img loading=\"lazy\" decoding=\"async\" width=\"1024\" height=\"683\" class=\"wp-block-cover__image-background wp-image-41 size-large\" alt=\"\" src=\"https:\/\/bald-lozyska.pl\/wp-content\/uploads\/2025\/09\/narzedzia-inzynieryjne-i-mechaniczne-przemyslowe-z-sztyletem-vernier-i-kulka-metalowa-bering-1024x683.jpg\" data-object-fit=\"cover\" srcset=\"https:\/\/bald-lozyska.pl\/wp-content\/uploads\/2025\/09\/narzedzia-inzynieryjne-i-mechaniczne-przemyslowe-z-sztyletem-vernier-i-kulka-metalowa-bering-1024x683.jpg 1024w, https:\/\/bald-lozyska.pl\/wp-content\/uploads\/2025\/09\/narzedzia-inzynieryjne-i-mechaniczne-przemyslowe-z-sztyletem-vernier-i-kulka-metalowa-bering-300x200.jpg 300w, https:\/\/bald-lozyska.pl\/wp-content\/uploads\/2025\/09\/narzedzia-inzynieryjne-i-mechaniczne-przemyslowe-z-sztyletem-vernier-i-kulka-metalowa-bering-768x512.jpg 768w, https:\/\/bald-lozyska.pl\/wp-content\/uploads\/2025\/09\/narzedzia-inzynieryjne-i-mechaniczne-przemyslowe-z-sztyletem-vernier-i-kulka-metalowa-bering-1536x1024.jpg 1536w, https:\/\/bald-lozyska.pl\/wp-content\/uploads\/2025\/09\/narzedzia-inzynieryjne-i-mechaniczne-przemyslowe-z-sztyletem-vernier-i-kulka-metalowa-bering-2048x1365.jpg 2048w\" sizes=\"auto, (max-width: 1024px) 100vw, 1024px\" \/><span aria-hidden=\"true\" class=\"wp-block-cover__background has-background-dim-0 has-background-dim\" style=\"background-color:#cecccb\"><\/span><div class=\"wp-block-cover__inner-container is-layout-flow wp-block-cover-is-layout-flow\">\n<div class=\"wp-block-columns is-layout-flex wp-container-core-columns-is-layout-9d6595d7 wp-block-columns-is-layout-flex\">\n<div class=\"wp-block-column is-layout-flow wp-block-column-is-layout-flow\" style=\"flex-basis:100%\">\n<h2 id=\"wp-block-themeisle-blocks-advanced-heading-afbd2019\" class=\"wp-block-themeisle-blocks-advanced-heading wp-block-themeisle-blocks-advanced-heading-afbd2019 has-light-bg\">&#8230;wszelkie \u0142o\u017cyska w tym nietypowe <br>dostarczamy \u201eod r\u0119ki \u201d &#8230;<br>na cuda trzeba poczeka\u0107 kilka dni&#8230;<\/h2>\n<\/div>\n<\/div>\n\n\n\n<div class=\"wp-block-buttons is-horizontal is-content-justification-center is-layout-flex wp-container-core-buttons-is-layout-499968f5 wp-block-buttons-is-layout-flex\">\n<div class=\"wp-block-button is-style-primary\"><a class=\"wp-block-button__link wp-element-button\" href=\"#offer\">Oferta<\/a><\/div>\n\n\n\n<div class=\"wp-block-button is-style-secondary\"><a class=\"wp-block-button__link wp-element-button\" href=\"#partners\">Partnerzy<\/a><\/div>\n<\/div>\n\n\n\n<div style=\"height:80px\" aria-hidden=\"true\" class=\"wp-block-spacer\"><\/div>\n\n\n\n<div style=\"height:80px\" aria-hidden=\"true\" class=\"wp-block-spacer\"><\/div>\n<\/div><\/div>\n\n\n\n<div style=\"height:80px\" aria-hidden=\"true\" class=\"wp-block-spacer\"><\/div>\n\n\n\n<div class=\"wp-block-columns is-layout-flex wp-container-core-columns-is-layout-9d6595d7 wp-block-columns-is-layout-flex\">\n<div class=\"wp-block-column is-layout-flow wp-block-column-is-layout-flow\"><div class=\"wp-block-image icon-style is-style-rounded\">\n<figure class=\"aligncenter size-large\"><img decoding=\"async\" src=\"https:\/\/bald-lozyska.pl\/wp-content\/uploads\/2020\/01\/neve-webdesign-GB-03.png\" alt=\"\" class=\"wp-image-20\" title=\"\"\/><\/figure><\/div>\n\n\n<div style=\"height:20px\" aria-hidden=\"true\" class=\"wp-block-spacer\"><\/div>\n\n\n\n<h3 class=\"wp-block-heading has-text-align-center has-neve-text-color-color has-text-color\">Wieloletnie do\u015bwiadczenie<\/h3>\n\n\n\n<p class=\"has-text-align-center\">\u201eKr\u0119cimy si\u0119&#8221; dla was nieprzerwanie<br>od 2005 roku dbaj\u0105c o najwy\u017csz\u0105 jako\u015b\u0107 sprzedawanych produkt\u00f3w i obs\u0142ug\u0119 klienta.<\/p>\n\n\n\n<div style=\"height:20px\" aria-hidden=\"true\" class=\"wp-block-spacer\"><\/div>\n<\/div>\n\n\n\n<div class=\"wp-block-column is-layout-flow wp-block-column-is-layout-flow\"><div class=\"wp-block-image icon-style is-style-rounded\">\n<figure class=\"aligncenter size-full\"><img loading=\"lazy\" decoding=\"async\" width=\"72\" height=\"72\" src=\"https:\/\/bald-lozyska.pl\/wp-content\/uploads\/2020\/01\/neve-webdesign-GB-03.png\" alt=\"\" class=\"wp-image-153\"\/><\/figure><\/div>\n\n\n<div style=\"height:20px\" aria-hidden=\"true\" class=\"wp-block-spacer\"><\/div>\n\n\n\n<h3 class=\"wp-block-heading has-text-align-center has-neve-text-color-color has-text-color\">Szeroki wyb\u00f3r<\/h3>\n\n\n\n<p class=\"has-text-align-center\">Oferujemy szeroki wyb\u00f3r \u0142o\u017cysk&#8230;<br>wi\u0119kszo\u015bci topowych producent\u00f3w<br>na rynku.<\/p>\n\n\n\n<div style=\"height:20px\" aria-hidden=\"true\" class=\"wp-block-spacer\"><\/div>\n<\/div>\n\n\n\n<div class=\"wp-block-column is-layout-flow wp-block-column-is-layout-flow\"><div class=\"wp-block-image icon-style is-style-rounded\">\n<figure class=\"aligncenter size-full\"><img loading=\"lazy\" decoding=\"async\" width=\"72\" height=\"72\" src=\"https:\/\/bald-lozyska.pl\/wp-content\/uploads\/2020\/01\/neve-webdesign-GB-03.png\" alt=\"\" class=\"wp-image-153\"\/><\/figure><\/div>\n\n\n<div style=\"height:20px\" aria-hidden=\"true\" class=\"wp-block-spacer\"><\/div>\n\n\n\n<h3 class=\"wp-block-heading has-text-align-center has-neve-text-color-color has-text-color\">Gwarancja Jako\u015bci<\/h3>\n\n\n\n<p class=\"has-text-align-center\">Nasze produkty obj\u0119te s\u0105 pe\u0142n\u0105 gwarancj\u0105 producenta i dok\u0142adamy wszelkich stara\u0144, aby dostarcza\u0107 wy\u0142\u0105cznie oryginalne produkty najwy\u017cszej jako\u015bci.<\/p>\n\n\n\n<div style=\"height:20px\" aria-hidden=\"true\" class=\"wp-block-spacer\"><\/div>\n<\/div>\n<\/div>\n\n\n\n<div style=\"height:80px\" aria-hidden=\"true\" class=\"wp-block-spacer\"><\/div>\n\n\n\n<div class=\"wp-block-cover alignfull\" style=\"min-height:600px;aspect-ratio:unset;\"><span aria-hidden=\"true\" class=\"wp-block-cover__background has-nv-light-bg-background-color has-background-dim-100 has-background-dim\"><\/span><div class=\"wp-block-cover__inner-container is-layout-flow wp-block-cover-is-layout-flow\">\n<div class=\"wp-block-group\"><div class=\"wp-block-group__inner-container is-layout-flow wp-block-group-is-layout-flow\">\n<div style=\"height:80px\" aria-hidden=\"true\" class=\"wp-block-spacer\"><\/div>\n\n\n\n<div class=\"wp-block-columns are-vertically-aligned-center is-layout-flex wp-container-core-columns-is-layout-9d6595d7 wp-block-columns-is-layout-flex\" id=\"aboutus\">\n<div class=\"wp-block-column is-vertically-aligned-center is-layout-flow wp-block-column-is-layout-flow\" style=\"flex-basis:50%\">\n<figure class=\"wp-block-image size-full\"><img loading=\"lazy\" decoding=\"async\" width=\"481\" height=\"648\" src=\"https:\/\/bald-lozyska.pl\/wp-content\/uploads\/2025\/09\/1-1.png\" alt=\"\" class=\"wp-image-18\" srcset=\"https:\/\/bald-lozyska.pl\/wp-content\/uploads\/2025\/09\/1-1.png 481w, https:\/\/bald-lozyska.pl\/wp-content\/uploads\/2025\/09\/1-1-223x300.png 223w\" sizes=\"auto, (max-width: 481px) 100vw, 481px\" \/><\/figure>\n<\/div>\n\n\n\n<div class=\"wp-block-column is-vertically-aligned-center is-layout-flow wp-block-column-is-layout-flow\" style=\"flex-basis:50%\">\n<div style=\"height:20px\" aria-hidden=\"true\" class=\"wp-block-spacer\"><\/div>\n\n\n\n<h2 class=\"wp-block-heading has-text-align-left has-neve-text-color-color has-text-color\">O Nas<\/h2>\n\n\n\n<p class=\"has-text-align-left has-neve-text-color-color has-text-color\" style=\"font-size:17px\">Rok 2005 to pocz\u0105tek dzia\u0142alno\u015bci na kanwie wieloletnich do\u015bwiadcze\u0144.<\/p>\n\n\n\n<p class=\"has-text-align-left has-neve-text-color-color has-text-color\" style=\"font-size:17px\">FH &#8222;BALD-\u0141O\u017bYSKA&#8221; Export-Import Przemys\u0142aw Kluba, kt\u00f3ra dzia\u0142a w<br>sektorze sprzeda\u017cy hurtowej, a zw\u0142aszcza w bran\u017cy handlu i<br>po\u015brednictwa wszelkiego rodzaju \u0142o\u017cysk.<\/p>\n\n\n\n<p class=\"has-text-align-left has-neve-text-color-color has-text-color\" style=\"font-size:17px\">Oferujemy Pa\u0144stwu szerok\u0105 gam\u0119 produkt\u00f3w w obszarach \u0142o\u017cysk<br>tocznych i techniki liniowej oraz pochodnych\u2026.wiod\u0105cych producent\u00f3w<br>jak i ich ta\u0144sze zamienniki.<\/p>\n\n\n\n<p class=\"has-text-align-left has-neve-text-color-color has-text-color\" style=\"font-size:17px\">Wsp\u00f3\u0142pracujemy z najwi\u0119kszymi hurtowniami w kraju i zagranic\u0105<br>Dla Pa\u0144stwa wygody i mo\u017cliwo\u015bci szybkich realizacji zam\u00f3wie\u0144<br>posiadamy na naszym magazynie oko\u0142o 7-8 tysi\u0119cy pozycji gotowych do<br>natychmiastowej wysy\u0142ki.<\/p>\n\n\n\n<p class=\"has-text-align-left has-neve-text-color-color has-text-color\" style=\"font-size:17px\"><\/p>\n<\/div>\n<\/div>\n\n\n\n<div style=\"height:40px\" aria-hidden=\"true\" id=\"offer\" class=\"wp-block-spacer\"><\/div>\n<\/div><\/div>\n<\/div><\/div>\n\n\n\n<div class=\"wp-block-cover alignfull\" style=\"min-height:600px;aspect-ratio:unset;\" id=\"offer\"><span aria-hidden=\"true\" class=\"wp-block-cover__background has-nv-site-bg-background-color has-background-dim-100 has-background-dim\"><\/span><div class=\"wp-block-cover__inner-container is-layout-flow wp-block-cover-is-layout-flow\">\n<div class=\"wp-block-group\"><div class=\"wp-block-group__inner-container is-layout-flow wp-block-group-is-layout-flow\">\n<div style=\"height:80px\" aria-hidden=\"true\" class=\"wp-block-spacer\"><\/div>\n\n\n\n<div class=\"wp-block-columns are-vertically-aligned-center is-layout-flex wp-container-core-columns-is-layout-9d6595d7 wp-block-columns-is-layout-flex\" id=\"offer\">\n<div class=\"wp-block-column is-vertically-aligned-center is-layout-flow wp-block-column-is-layout-flow\" style=\"flex-basis:50%\">\n<h2 class=\"wp-block-heading has-text-align-left has-neve-text-color-color has-text-color\">Oferta<\/h2>\n\n\n\n<p class=\"has-text-align-left has-neve-text-color-color has-text-color\" style=\"font-size:17px\">W naszej ofercie znajduj\u0119 si\u0119 ponad 7000 gotowych do wysy\u0142ki produkt\u00f3w,<br>takich jak \u0142o\u017cyska toczone, sto\u017ckowe liniowe etc.. wiod\u0105cych producent\u00f3w na rynku mi\u0119dzy innymi: SKF, TIMKEN, NSK,  MGN, F\u0141T, ZKL, PPL, FAG,  KOYO, STEYR, NTN i wiele innych, zapraszamy do zapoznania si\u0119 z pe\u0142n\u0105 ofert\u0105 posiadanych obecnie produkt\u00f3w oraz ofertami promocyjnymi w linkach ponie\u017cej<\/p>\n\n\n\n<div class=\"wp-block-buttons is-horizontal is-content-justification-left is-layout-flex wp-container-core-buttons-is-layout-7e5fce0a wp-block-buttons-is-layout-flex\">\n<div class=\"wp-block-button is-style-primary\"><a class=\"wp-block-button__link wp-element-button\" href=\"https:\/\/bald-lozyska.pl\/pdf\/oferta.pdf\" target=\"_blank\" rel=\"noreferrer noopener\">Katalog Ofertowy<\/a><\/div>\n\n\n\n<div class=\"wp-block-button is-style-primary\"><a class=\"wp-block-button__link wp-element-button\" href=\"https:\/\/bald-lozyska.pl\/pdf\/promocje.pdf\" target=\"_blank\" rel=\"noreferrer noopener\">Oferta Promocyjna<\/a><\/div>\n<\/div>\n\n\n\n<div style=\"height:40px\" aria-hidden=\"true\" class=\"wp-block-spacer\"><\/div>\n<\/div>\n\n\n\n<div class=\"wp-block-column is-vertically-aligned-center is-layout-flow wp-block-column-is-layout-flow\" style=\"flex-basis:50%\">\n<figure class=\"wp-block-image size-large\"><img loading=\"lazy\" decoding=\"async\" width=\"1024\" height=\"1018\" src=\"https:\/\/bald-lozyska.pl\/wp-content\/uploads\/2025\/09\/ball-bearing-1236203-1024x1018.png\" alt=\"\" class=\"wp-image-26\" srcset=\"https:\/\/bald-lozyska.pl\/wp-content\/uploads\/2025\/09\/ball-bearing-1236203-1024x1018.png 1024w, https:\/\/bald-lozyska.pl\/wp-content\/uploads\/2025\/09\/ball-bearing-1236203-300x298.png 300w, https:\/\/bald-lozyska.pl\/wp-content\/uploads\/2025\/09\/ball-bearing-1236203-150x150.png 150w, https:\/\/bald-lozyska.pl\/wp-content\/uploads\/2025\/09\/ball-bearing-1236203-768x763.png 768w, https:\/\/bald-lozyska.pl\/wp-content\/uploads\/2025\/09\/ball-bearing-1236203-1536x1527.png 1536w, https:\/\/bald-lozyska.pl\/wp-content\/uploads\/2025\/09\/ball-bearing-1236203-2048x2036.png 2048w\" sizes=\"auto, (max-width: 1024px) 100vw, 1024px\" \/><\/figure>\n<\/div>\n<\/div>\n\n\n\n<div style=\"height:40px\" aria-hidden=\"true\" class=\"wp-block-spacer\"><\/div>\n<\/div><\/div>\n<\/div><\/div>\n\n\n\n<div class=\"wp-block-cover alignfull\" style=\"min-height:600px;aspect-ratio:unset;\"><span aria-hidden=\"true\" class=\"wp-block-cover__background has-nv-dark-bg-background-color has-background-dim-100 has-background-dim\"><\/span><div class=\"wp-block-cover__inner-container is-layout-flow wp-block-cover-is-layout-flow\">\n<div class=\"wp-block-group\"><div class=\"wp-block-group__inner-container is-layout-flow wp-block-group-is-layout-flow\">\n<div style=\"height:80px\" aria-hidden=\"true\" class=\"wp-block-spacer\"><\/div>\n\n\n\n<div class=\"wp-block-columns are-vertically-aligned-center is-layout-flex wp-container-core-columns-is-layout-9d6595d7 wp-block-columns-is-layout-flex\" id=\"contact\">\n<div class=\"wp-block-column is-vertically-aligned-center is-layout-flow wp-block-column-is-layout-flow\" style=\"flex-basis:50%\"><div style=\"height:400pxpx;\" class=\"wp-block-themeisle-blocks-leaflet-map\" id=\"wp-block-themeisle-blocks-leaflet-map-2a0e644d\"><\/div>\n<script type=\"text\/javascript\">\n\t\/* <![CDATA[ *\/\n\t\tif ( ! window.themeisleLeafletMaps ) window.themeisleLeafletMaps =[];\n\t\twindow.themeisleLeafletMaps.push( { container: \"wp-block-themeisle-blocks-leaflet-map-2a0e644d\", attributes: {\"id\":\"wp-block-themeisle-blocks-leaflet-map-2a0e644d\",\"latitude\":\"50.69923030118457\",\"longitude\":\"19.147099256515506\",\"bbox\":\"19.14101600646973,50.69651200197749,19.15318250656128,50.70194844284068\",\"zoom\":16,\"markers\":[{\"id\":\"b6035d91-e9c6-472e-b779-92e240c46385\",\"latitude\":\"50.69913176559043\",\"longitude\":\"19.1473\",\"title\":\"Bald \\u0141o\\u017cyska\",\"description\":\"<p>FIRMA HANDLOWA \\\"BALD-\\u0141O\\u017bYSKA\\\"<br \\\/>Ul. Graniczna 2A<br \\\/>42-262 Kolonia Poczesna POLAND<\\\/p>\"}],\"location\":\"La Sagrada Familia, Barcelona, Spain\",\"height\":\"400px\",\"zoomControl\":true,\"draggable\":true,\"hasCustomCSS\":false,\"customCSS\":\"\",\"otterConditions\":[]} } );\n\t\/* ]]> *\/\n<\/script>\n<\/div>\n\n\n\n<div class=\"wp-block-column is-vertically-aligned-center is-layout-flow wp-block-column-is-layout-flow\" style=\"flex-basis:50%\">\n<h2 class=\"wp-block-heading has-text-align-left has-nv-text-dark-bg-color has-text-color\">Kontakt<\/h2>\n\n\n\n<p class=\"has-text-align-left has-nv-text-dark-bg-color has-text-color\" style=\"font-size:17px\">FIRMA HANDLOWA &#8222;BALD-\u0141O\u017bYSKA&#8221;<br>Ul. Graniczna 2A<br>42-262 Kolonia Poczesna POLAND<br><br>Kom.: 506-078-208<br>FAX:  34 389-50-70<\/p>\n\n\n\n<p class=\"has-text-align-left has-nv-text-dark-bg-color has-text-color\" style=\"font-size:17px\">email: biuro@bald-lozyska.pl<\/p>\n\n\n\n<p class=\"has-text-align-left has-nv-text-dark-bg-color has-text-color\" style=\"font-size:17px\">NIP: 949 052 34 99<\/p>\n<\/div>\n<\/div>\n\n\n\n<div style=\"height:50px\" aria-hidden=\"true\" class=\"wp-block-spacer\"><\/div>\n<\/div><\/div>\n<\/div><\/div>\n\n\n\n<div class=\"wp-block-cover alignfull\" style=\"min-height:600px;aspect-ratio:unset;\" id=\"partners\"><span aria-hidden=\"true\" class=\"wp-block-cover__background has-nv-site-bg-background-color has-background-dim-100 has-background-dim\"><\/span><div class=\"wp-block-cover__inner-container is-layout-flow wp-block-cover-is-layout-flow\">\n<div class=\"wp-block-group\"><div class=\"wp-block-group__inner-container is-layout-flow wp-block-group-is-layout-flow\">\n<div style=\"height:80px\" aria-hidden=\"true\" class=\"wp-block-spacer\"><\/div>\n\n\n\n<h2 class=\"wp-block-heading has-neve-text-color-color has-text-color\">Partnerzy<\/h2>\n\n\n\n<div style=\"height:20px\" aria-hidden=\"true\" class=\"wp-block-spacer\"><\/div>\n\n\n\n<div class=\"wp-block-columns are-vertically-aligned-center is-layout-flex wp-container-core-columns-is-layout-9d6595d7 wp-block-columns-is-layout-flex\">\n<div class=\"wp-block-column is-vertically-aligned-center is-layout-flow wp-block-column-is-layout-flow\" style=\"flex-basis:50%\">\n<figure class=\"wp-block-image size-large\"><img loading=\"lazy\" decoding=\"async\" width=\"1024\" height=\"745\" src=\"https:\/\/bald-lozyska.pl\/wp-content\/uploads\/2025\/10\/logo-1024x745.png\" alt=\"\" class=\"wp-image-411\"\/><\/figure>\n<\/div>\n\n\n\n<div class=\"wp-block-column is-vertically-aligned-center is-layout-flow wp-block-column-is-layout-flow\" style=\"flex-basis:50%\">\n<p class=\"has-neve-text-color-color has-text-color has-link-color wp-elements-3b39d8b3acceeba82b0cd8be0342abcf\"><strong>CMF Edyta Kluba<\/strong><\/p>\n\n\n\n<p class=\"has-neve-text-color-color has-text-color has-link-color wp-elements-da2500c1ac6fc754f112486a7fbc792e\">Ubezpieczenia: <br>Na \u017cycie &#8211; indywidualne i grupowe<br>Maj\u0105tkowe &#8211; mieszkania, domy<br>Komunikacyjne  &#8211; OC \/ AC \/ NNW \/ ASS<\/p>\n\n\n\n<p class=\"has-neve-text-color-color has-text-color has-link-color wp-elements-46b0dc319ebf174c0b7ed2f30aefdc07\">tel.: 506 078 209<br>ul. Stra\u017cacka 60<br>42-262 Poczesna<\/p>\n\n\n\n<div class=\"wp-block-buttons is-layout-flex wp-block-buttons-is-layout-flex\">\n<div class=\"wp-block-button\"><a class=\"wp-block-button__link wp-element-button\">Dowiedz si\u0119 wi\u0119cej<\/a><\/div>\n<\/div>\n<\/div>\n<\/div>\n<\/div><\/div>\n\n\n\n<p><\/p>\n\n\n\n<div class=\"wp-block-group\"><div class=\"wp-block-group__inner-container is-layout-flow wp-block-group-is-layout-flow\">\n<div style=\"height:40px\" aria-hidden=\"true\" class=\"wp-block-spacer\"><\/div>\n<\/div><\/div>\n<\/div><\/div>\n","protected":false},"excerpt":{"rendered":"<p>Wieloletnie do\u015bwiadczenie \u201eKr\u0119cimy si\u0119&#8221; dla was nieprzerwanieod 2005 roku dbaj\u0105c o najwy\u017csz\u0105 jako\u015b\u0107 sprzedawanych produkt\u00f3w i obs\u0142ug\u0119 klienta. Szeroki wyb\u00f3r Oferujemy szeroki wyb\u00f3r \u0142o\u017cysk&#8230;wi\u0119kszo\u015bci topowych producent\u00f3wna rynku. Gwarancja Jako\u015bci Nasze produkty obj\u0119te s\u0105 pe\u0142n\u0105 gwarancj\u0105 producenta i dok\u0142adamy wszelkich stara\u0144, aby dostarcza\u0107 wy\u0142\u0105cznie oryginalne produkty najwy\u017cszej jako\u015bci.<\/p>\n","protected":false},"author":1,"featured_media":0,"parent":0,"menu_order":0,"comment_status":"closed","ping_status":"closed","template":"","meta":{"neve_meta_sidebar":"default","neve_meta_container":"default","neve_meta_enable_content_width":"on","neve_meta_content_width":100,"neve_meta_title_alignment":"","neve_meta_author_avatar":"","neve_post_elements_order":"","neve_meta_disable_header":"","neve_meta_disable_footer":"","neve_meta_disable_title":"on","_themeisle_gutenberg_block_has_review":false,"footnotes":""},"class_list":["post-5","page","type-page","status-publish","hentry"],"_links":{"self":[{"href":"https:\/\/bald-lozyska.pl\/index.php\/wp-json\/wp\/v2\/pages\/5","targetHints":{"allow":["GET"]}}],"collection":[{"href":"https:\/\/bald-lozyska.pl\/index.php\/wp-json\/wp\/v2\/pages"}],"about":[{"href":"https:\/\/bald-lozyska.pl\/index.php\/wp-json\/wp\/v2\/types\/page"}],"author":[{"embeddable":true,"href":"https:\/\/bald-lozyska.pl\/index.php\/wp-json\/wp\/v2\/users\/1"}],"replies":[{"embeddable":true,"href":"https:\/\/bald-lozyska.pl\/index.php\/wp-json\/wp\/v2\/comments?post=5"}],"version-history":[{"count":38,"href":"https:\/\/bald-lozyska.pl\/index.php\/wp-json\/wp\/v2\/pages\/5\/revisions"}],"predecessor-version":[{"id":439,"href":"https:\/\/bald-lozyska.pl\/index.php\/wp-json\/wp\/v2\/pages\/5\/revisions\/439"}],"wp:attachment":[{"href":"https:\/\/bald-lozyska.pl\/index.php\/wp-json\/wp\/v2\/media?parent=5"}],"curies":[{"name":"wp","href":"https:\/\/api.w.org\/{rel}","templated":true}]}}